k) = -k**2 - 8*k - 29. Let d(a) = -2*j(a) - 3*o(a). Calculate d(-8).
4
Let o = 364 + -360. Let a(u) = u**2 - 2*u - 4. What is a(o)?
4
Suppose -5*z = -5 + 10. Let m be ((z + 1)/(-3))/(-2). Let g(t) = -t + 5. Give g(m).
5
Let l(i) = -i**2 + 6*i - 3. Suppose 132 = 2*u + 6. Let a be (2/1)/(6/u). Let b be ((-3)/2)/(a/(-70)). Calculate l(b).
2
Suppose 0 = 3*d + 12. Let z(f) = -f - 1. Let l be z(d). Suppose g - 2 = l*g. Let b(r) = -6*r**2. What is b(g)?
-6
Let b(f) = 9*f + 1. Let v = -42 - -44. Calculate b(v).
19
Let s(v) = -v**2 + 4*v - 1. Suppose 5*j - 5*c = -40, 5*j = c - 15 - 5. Suppose 2*q - d + 2*d + 2 = 0, -5*d - 10 = -q. Let o = q - j. Calculate s(o).
2
Suppose -4*p - 3*p = 483. Let m = 67 + p. Let g(d) = d**2 - 3*d - 3. What is g(m)?
7
Let c(t) be the first derivative of t**4/4 - 5*t**3/3 + 3*t**2 - 5*t + 312. Give c(4).
3
Suppose a + 14 = 3*a. Let d(n) = 6*n**3 + 4*n**2 - 7*n - 3. Let u(o) = 5*o**3 + 3*o**2 - 6*o - 6 + 0 + 3. Let c(h) = a*u(h) - 6*d(h). Determine c(-4).
13
Let l(r) = -4*r**2 + 9*r - 8. Let v(u) = -5*u**2 + 10*u - 8. Let f(k) = -6*l(k) + 5*v(k). Suppose 92 = 2*g - 4*g. Let j be (-1)/(4 + g/12). Give f(j).
-4
Let d(m) = 4*m**2 + 38*m + 3. Let x be d(-9). Let c(k) = -k - 22. What is c(x)?
-7
Suppose 0 = 2*m - l + 1, -23 = 3*l - 8. Let i(p) be the second derivative of -p**4/12 - p**3/6 + 2*p**2 + p. Give i(m).
-2
Suppose 4*s + 4*s = 72. Let h(m) = 7*m - 2 + 1 - s*m + 3. Calculate h(3).
-4
Let m(q) = -q**2 - q - 2. Let c(w) = -7*w**2 - 4*w - 8. Let z(f) = c(f) - 5*m(f). Let b be -2 + (0 - 0)/1. Calculate z(b).
-8
Let n be 18*(-4)/(-8) - -1. Let w = n + -7. Let m(t) = t - w*t + 2 - 3*t - 1. Give m(-2).
11
Suppose -4*x - 4*t - 4 = -3*x, 5*x - 26 = 3*t. Let o(m) = 0*m + 0*m - 3 + x + 2*m. Give o(-2).
-3
Let c be (-2 - -3)/((-3)/(-12)). Let f(w) = -w + c - 5 - 3*w. Let x(g) = g**2 - 4*g + 2. Let m be x(3). Calculate f(m).
3
Let z = 44 - -28. Suppose z*j - 75*j = -27. Let n(m) = m - 12. Determine n(j).
-3
Let a(n) = -23 + 3*n + n**2 - 5*n + 10*n + 27. Determine a(-5).
-11
Let q(o) = 7*o - 1. Let w(u) be the third derivative of u**6/120 - 7*u**5/60 + u**4/3 - u**3 - 5*u**2. Let b be w(6). Suppose -3*p = 3 - b. Calculate q(p).
6
Let i(f) = -f. Suppose -128*l + 4 = -127*l. Calculate i(l).
-4
Let y(c) = -6*c**3 - c + 1. Suppose 4*k - 5 = 5*o, -4*o + 5*k = -0*k + 13. Suppose -26*i + 32*i = 24. Suppose -p - 2 = -i*u, 1 + 2 = -o*u + 3*p. What is y(u)?
-6
Let b(n) = 7. Let z(y) = 6. Let s(u) = -5*b(u) + 6*z(u). Let o(d) be the second derivative of d**3/6 - 2*d**2 - 3*d. Let q(h) = -o(h) - s(h). What is q(6)?
-3
Suppose 6 = 5*c - 2*g - 6, 6*c - 10 = -2*g. Let f(j) = -3*j + 8. What is f(c)?
2
Let h(o) be the second derivative of 1/24*o**4 - 9*o + 0 + 2/3*o**3 + 0*o**2 - 1/120*o**5. Let c(u) be the second derivative of h(u). Determine c(3).
-2
Suppose -5*m = 4*x - 6, m = 4*m + 3*x - 3. Let y = m - 2. Let b(h) = -19*h - 10. Let a(k) = -7*k - 3. Let r(p) = -11*a(p) + 4*b(p). Calculate r(y).
-7
Let f(m) = -2*m + 74. Let z be f(40). Let q(t) be the second derivative of t**3/6 + 4*t**2 + 7*t. Calculate q(z).
2
Let k(v) be the first derivative of -v**6/120 + v**5/12 + v**4/6 + v**3/2 + v**2/2 - 3*v + 7. Let o(j) be the second derivative of k(j). Determine o(6).
-9
Let l = -389 + 392. Let h(x) be the third derivative of -x**5/60 + x**4/12 - x**3/6 - 2*x**2. Calculate h(l).
-4
Let t = 11 + -8. Suppose -t*h + 2*l + 16 = 0, 0 = 2*h - l - 0 - 9. Let z(x) = h - 6 + 4*x - 2*x**2 + 3 + x**2. What is z(2)?
3
Let o = -924 + 924. Let z(m) = m**3 + 2*m + 34. Give z(o).
34
Let a(t) = -3*t + 0*t**2 - t**3 - 10 - t**2 + 5 - 4*t**2. Suppose -5*d = 17 - 2. Let c be -3 + 2 + d/1. Calculate a(c).
-9
Let h(a) = a**3 - 6*a**2 + 6. Suppose 4 = -4*b - 0*b. Let r be 2 + (b + 2)*4. Let z be h(r). Let v(i) = -i**3 + 5*i**2 + 7*i - 8. What is v(z)?
-2
Let z(h) = -h**3 - 6*h**2 - 4*h + 3. Suppose -22*s = -26*s - 20. What is z(s)?
-2
Let c = 5 - 3. Let t(y) = 2*y - 5*y - c*y + 5 - y**2 + 2*y**2. Let x be 22/4 - 2/4. Determine t(x).
5
Let a(s) = 3*s**2 - 5*s + 2. Suppose 0*d + 32 = 4*u - 4*d, 3*u - 21 = 2*d. Suppose -o - 12 = -u*k + 2*o, -4*k = 3*o - 15. Calculate a(k).
14
Suppose 0 = -3*f - 41 + 8. Let d = f + 5. Let q(b) = 0*b**2 + 12*b - 5*b + 8 + 0*b**2 + b**2. Determine q(d).
2
Let r(l) = -2*l**3 + l**2 - 2*l. Let a = -49 + 56. Let n(s) = 5*s + 1. Let c be n(1). Suppose -4*j + a*j - c = 0. What is r(j)?
-16
Let a(s) = -s**3 - 19*s**2 - 32*s - 39. Let d(r) = -r**3 - 2*r**2. Let j(q) = -a(q) + 2*d(q). Determine j(17).
5
Let w = 1 - -2. Let k(c) = 6*c**3 + 2*c**2 + 6*c + 7. Let g(b) = 5*b + 1 + 5*b**3 + 0*b**2 + 5 - 2*b**2 + 3*b**2. Let h(m) = 5*g(m) - 4*k(m). Calculate h(w).
5
Let j(g) = g**3 - 3. Let n be j(3). Let h(w) = 3 - 22*w + 2*w**2 + 73*w - 23*w - n*w. Determine h(-3).
9
Let l(m) be the first derivative of -m**4/4 - 7*m**3/3 - 2*m**2 + 3*m + 105. Calculate l(-6).
-9
Let g = 44 + -41. Let m(x) = 2*x + 13. Let c(r) = -2. Let v(i) = 14*c(i) + 2*m(i). Determine v(g).
10
Suppose 0 = -5*x - t + 10, -5*t - 9 = 2*x + 10. Let f(s) = -3*s - s**3 - 6*s**2 - x + 8*s - 8*s. Calculate f(-6).
15
Let a(r) be the third derivative of r**4/24 + 11*r**3/6 - 12*r**2. Let b be a(-6). Let n(o) = -o**2 + 8*o - 2. Calculate n(b).
13
Let j(n) be the first derivative of n**3/3 - 4*n**2 + 9*n - 2. Suppose -7*t + 4*t = 54*t - 399. Determine j(t).
2
Let v(j) = -2*j + 2. Let n be ((-1)/(-3))/((-1)/(-9)). Suppose 157 = 5*m - n. Suppose 5*s - 22 = -u, -4*u + 5*s - 5 = m. What is v(u)?
8
Let t(x) be the first derivative of x**2 - 21. Let f be ((-2)/(-3))/((-4)/54*3). Give t(f).
-6
Suppose 0 = -3*r + 4*f + f + 4, 4*f = 2*r. Suppose 0 = 4*i + z + 11, 10 = -2*i + 2*z - r. Let t(d) = d**3 + 6*d**2 + 5*d - 1. Determine t(i).
11
Let t(f) = -5*f**3 + 12*f - 6 + 3*f**3 + f - 742*f**2 + 715*f**2. What is t(-14)?
8
Let s(w) = w**3 - 7*w**2 + 6*w + 7. Suppose -3*d - 7 = 2*a - 2, -4*a = -3*d - 35. Determine s(a).
-13
Let j(u) be the first derivative of -6 + 1/2*u**2 + 0*u + 2*u**3. Let d(a) = -a**3 + 5*a**2 - 5*a + 3. Let x be d(4). Give j(x).
5
Let n(a) = -20*a**3 + 12*a**2 + 23*a + 11. Let y be (-2 + 36)/((-6)/3). Let h(m) = 7*m**3 - 4*m**2 - 8*m - 4. Let q(z) = y*h(z) - 6*n(z). What is q(3)?
-13
Suppose -8*x - 8 = -12*x. Let p = -2 + 3. Let c(u) = 2 - x - 4*u + u - p. Give c(1).
-4
Let v = 104 - 109. Let l(o) = o**2 + 8*o - 1. What is l(v)?
-16
Let a(c) = -487 - c - 491 + 990. Determine a(0).
12
Let t(y) = 21*y - 4. Let w = -1334 + 1336. Determine t(w).
38
Let b = 11 + -8. Suppose 0 = -0*q + b*q - 18. Let n = q + -10. Let j(m) = -2*m + 2. Determine j(n).
10
Suppose 12*r + 4*r = 4*r. Let z(g) be the third derivative of 6*g**2 + r*g - 1/24*g**4 + 0 - 1/6*g**3. Give z(6).
-7
Let d(k) = 343*k - 347*k - 8 + 0 + 2. Determine d(-6).
18
Suppose -4 = 2*j - c, 4 = -2*j - 2*c + 5*c. Let i(a) = 2*a**3 - a**2 + a - 2. Let b(w) = -7*w**3 + 5*w**2 - 5*w + 9. Let m(s) = -2*b(s) - 9*i(s). Give m(j).
26
Let l be (4 - 3 - -1)*8. Let o be (-1)/2 + (-33)/(-6). Suppose -o*j - l = -j. Let i(p) = -p**2 + 3. Calculate i(j).
-13
Let a(r) be the first derivative of -4*r**2 + 34*r + 183. What is a(4)?
2
Let x(q) = -2*q**3 - 4*q**2 - 4*q - 2. Let w = -9 - -30. Let k = -23 + w. Calculate x(k).
6
Let d(n) = 2*n + 11. Let x(k) = -k - 8. Let o be x(-3). Determine d(o).
1
Let d(q) = -q**3 + 9*q**2 - 9*q + 2. Suppose 3*x + 224 = 4*h - x, 0 = 2*h - 3*x - 111. Let o = 65 - h. Determine d(o).
-6
Let h(a) be the third derivative of a**6/180 - 7*a**5/120 + a**4/4 - 3*a**3/2 - 42*a**2. Let m(k) be the first derivative of h(k). Give m(4).
10
Suppose 4*z + 4*q + 8 = 0, -2*z - 10 = -8*q + 4*q. Let g(o) = -o**2 + 2*o + 1. Determine g(z).
-14
Suppose 5*a = 7*a + 14. Let x be (a/21)/((-1)/9). Let v(w) = 5*w**2 - 4*w - 9. Let q(b) = 9*b**2 - 7*b - 17. Let g(u) = -6*q(u) + 11*v(u). Calculate g(x).
6
Suppose -11 + 20 = -3*l. Let s(b) = 11*b + 2. Calculate s(l).
-31
Let t be (-1)/2*(14 - 2). Let n be (-15)/25*(t + -4). Let j(i) = -4 - 6*i**2 + 4 - 1 - 2*i + i**3 + 3*i. Give j(n).
5
Let g(x) = -4*x - 2. Let u(z) be the third derivative of z**4/4 - z**3/3 + 50*z**2. Let m be u(0). Give g(m).
6
Let l(x) = x**3 - 108*x + 4 + 105*x + 2 + 5*x**2. Let t = 44 - 50. Determine l(t).
-12
Let y be (-2)/7*(-112)/384. Let w(o) be the second derivative of 5/6*o**3 + 0 -